{"id":8228,"date":"2023-02-14T10:01:41","date_gmt":"2023-02-14T09:01:41","guid":{"rendered":"https:\/\/www.goldzander.at\/shop\/?post_type=product&#038;p=8228"},"modified":"2025-03-30T23:29:04","modified_gmt":"2025-03-30T21:29:04","slug":"ring-bellaluce-3","status":"publish","type":"product","link":"https:\/\/www.goldzander.at\/shop\/produkt\/ring-bellaluce-3\/","title":{"rendered":"Ring bellaluce"},"content":{"rendered":"<p>Ring bellaluce<\/p>\n<p>19 Brillanten W-Si<br \/>\nBrillanten zusammen ca. 0,15 ct<br \/>\n585 <a href=\"https:\/\/www.goldzander.at\/shop\/weissgold\/\">Wei\u00dfgold<\/a><\/p>\n<h2>bellalcue<\/h2>\n<p>Die Marke bellaluce steht f\u00fcr einzigartige Diamantkreationen. Die bellaluce-Diamanten sind in Brillantform geschliffen, was ihnen ihr unverwechselbares Funkeln verleiht und sie zum Blickfang macht. Durch den exklusiven Schliff ist jeder Edelstein ein Unikat.<\/p>\n<p>Vor Millionen Jahren im Dunklen der Erde gelegen\u00a0und enormen Druck ausgesetzt- so entstand der Diamant bis er entdeckt wurde und durch den unvergleichlichen Brillantschliff zu einem kostbarem Schmuckst\u00fcck verarbeitet wurde. Durch seine Klarheit, seine\u00a0Reinheit\u00a0und seine H\u00e4rte steht der Brillant wohl als sch\u00f6nstes Symbol f\u00fcr die Liebe.<\/p>\n<p>bellaluce ist erstklassiger Brillantschmuck made in Germany und wir sind stolz, Ihnen diese Marke in der Steiermark exklusiv anbieten zu d\u00fcrfen.\u00a0Egal ob Verlobungsringe, Eheringe\/Trauringe oder Brillantketten \u2013 das grandiose Preis-Leistungsverh\u00e4ltnis und die erstklassige Verarbeitung machen ein Schmuckst\u00fcck von bellaluce immer zur ersten Wahl.<\/p>\n","protected":false},"excerpt":{"rendered":"<p>Der bellaluce Ring aus 585 Gelbgold ist ein Meisterwerk der Schmuckherstellung. Mit 19 funkelnden Brillanten W-SI im Gesamtgewicht von 0,15 Karat, ist dieser Ring ein echter Blickfang. Die geschwungene Anordnung der Diamanten verleiht dem Ring eine besondere Eleganz und Raffinesse. Der warme Gelbgoldton unterstreicht die Sch\u00f6nheit der Diamanten und verleiht dem Ring eine zeitlose Ausstrahlung. Dieser Ring von der Marke bellaluce ist ein perfektes Geschenk f\u00fcr einen besonderen Anlass oder als Symbol der Liebe. Ein qualitativ hochwertiges Schmuckst\u00fcck, das eine Investition f\u00fcr die Ewigkeit ist.<\/p>\n<span class=\"su-lightbox\" data-mfp-src=\"https:\/\/www.youtube.com\/watch?v=z9BxTyTPklU\" data-mfp-type=\"iframe\" data-mobile=\"yes\">\u00a0<a href=\"https:\/\/www.goldzander.at\/shop\" class=\"su-button su-button-style-flat\" style=\"color:#FFFFFF;background-color:#efa12d;border-color:#c08124;border-radius:5px\" target=\"_self\" rel=\"lightbox\"><span style=\"color:#FFFFFF;padding:6px 16px;font-size:13px;line-height:20px;border-color:#f4be6c;border-radius:5px;text-shadow:none\"><i class=\"sui sui-youtube-play\" style=\"font-size:13px;color:#FFFFFF\"><\/i> Produktvideo<\/span><\/a> <\/span>\n<p>&nbsp;<\/p>\n","protected":false},"featured_media":8255,"comment_status":"open","ping_status":"closed","template":"","meta":[],"product_brand":[],"product_cat":[115,116],"product_tag":[],"woo-feed-brand":[],"class_list":{"0":"post-8228","1":"product","2":"type-product","3":"status-publish","4":"has-post-thumbnail","6":"product_cat-bellaluce","7":"product_cat-ring","9":"first","10":"instock","11":"taxable","12":"shipping-taxable","13":"purchasable","14":"product-type-variable","15":"has-default-attributes"},"_links":{"self":[{"href":"https:\/\/www.goldzander.at\/shop\/wp-json\/wp\/v2\/product\/8228","targetHints":{"allow":["GET"]}}],"collection":[{"href":"https:\/\/www.goldzander.at\/shop\/wp-json\/wp\/v2\/product"}],"about":[{"href":"https:\/\/www.goldzander.at\/shop\/wp-json\/wp\/v2\/types\/product"}],"replies":[{"embeddable":true,"href":"https:\/\/www.goldzander.at\/shop\/wp-json\/wp\/v2\/comments?post=8228"}],"wp:featuredmedia":[{"embeddable":true,"href":"https:\/\/www.goldzander.at\/shop\/wp-json\/wp\/v2\/media\/8255"}],"wp:attachment":[{"href":"https:\/\/www.goldzander.at\/shop\/wp-json\/wp\/v2\/media?parent=8228"}],"wp:term":[{"taxonomy":"product_brand","embeddable":true,"href":"https:\/\/www.goldzander.at\/shop\/wp-json\/wp\/v2\/product_brand?post=8228"},{"taxonomy":"product_cat","embeddable":true,"href":"https:\/\/www.goldzander.at\/shop\/wp-json\/wp\/v2\/product_cat?post=8228"},{"taxonomy":"product_tag","embeddable":true,"href":"https:\/\/www.goldzander.at\/shop\/wp-json\/wp\/v2\/product_tag?post=8228"},{"taxonomy":"woo-feed-brand","embeddable":true,"href":"https:\/\/www.goldzander.at\/shop\/wp-json\/wp\/v2\/woo-feed-brand?post=8228"}],"curies":[{"name":"wp","href":"https:\/\/api.w.org\/{rel}","templated":true}]}}