{"id":6653,"date":"2022-10-11T15:55:04","date_gmt":"2022-10-11T13:55:04","guid":{"rendered":"https:\/\/www.goldzander.at\/shop\/?post_type=product&#038;p=6653"},"modified":"2022-10-18T17:47:56","modified_gmt":"2022-10-18T15:47:56","slug":"christbaumschmuck-fuchs","status":"publish","type":"product","link":"https:\/\/www.goldzander.at\/shop\/produkt\/christbaumschmuck-fuchs\/","title":{"rendered":"Christbaumschmuck Fuchs"},"content":{"rendered":"<p>Christbaumschmuck in Forme eines Fuchses.<\/p>\n<p>Aus B\u00f6hmen<\/p>\n<p>&nbsp;<\/p>\n<h2>ORIGINAL B\u00d6HMISCHER CHRISTBAUMSCHMUCK\u00a0SEIT \u00dcBER 100 JAHREN<\/h2>\n<p>Neben den glatten und versilberten Christbaumkugeln wurden in der zweiten H\u00e4lfte des 19. Jahrhunderts von den b\u00f6hmischen Glasbl\u00e4sern viele Gegenst\u00e4nde mit oft komplizierten Oberfl\u00e4chen und einer gro\u00dfen Formenvielfalt geblasen.<\/p>\n<p>Wie Tannenzapfen, N\u00fcsse, H\u00e4user, V\u00f6gel, Musikinstrumente usw&#8230;<\/p>\n<p>Diese wurden oft bunt bemalt oder mit glitzerndem Gold-, Silber- oder Glasstaub bestreut.<\/p>\n<p>Das Angebot an kunstvoll verzierten mundgeblasenen\u00a0St\u00fccken bis hin zu der gro\u00dfen Palette von Christbaumspitzen wird nach alter Tradition auch in unserer Zeit wieder gesch\u00e4tzt.<\/p>\n<p>Damals wie Heute bringen diese Kunstwerke viel Freude f\u00fcr den\u00a0Beschenkten sowie f\u00fcr den Sammler.<\/p>\n<p>Wir w\u00fcnschen Ihnen viel Freude!<\/p>\n","protected":false},"excerpt":{"rendered":"<p>Christbaumschmuck in Forme eines Fuchses.<\/p>\n<p>Aus B\u00f6hmen<\/p>\n","protected":false},"featured_media":6654,"comment_status":"open","ping_status":"closed","template":"","meta":[],"product_brand":[],"product_cat":[163,170],"product_tag":[171,419,422,424],"woo-feed-brand":[],"class_list":{"0":"post-6653","1":"product","2":"type-product","3":"status-publish","4":"has-post-thumbnail","6":"product_cat-weihnachten","7":"product_cat-christbaumschmuck","8":"product_tag-christbaumschmuck","9":"product_tag-weihnachtsschmuck","10":"product_tag-boehmen","11":"product_tag-fuchs","13":"first","14":"instock","15":"taxable","16":"shipping-taxable","17":"purchasable","18":"product-type-simple"},"_links":{"self":[{"href":"https:\/\/www.goldzander.at\/shop\/wp-json\/wp\/v2\/product\/6653","targetHints":{"allow":["GET"]}}],"collection":[{"href":"https:\/\/www.goldzander.at\/shop\/wp-json\/wp\/v2\/product"}],"about":[{"href":"https:\/\/www.goldzander.at\/shop\/wp-json\/wp\/v2\/types\/product"}],"replies":[{"embeddable":true,"href":"https:\/\/www.goldzander.at\/shop\/wp-json\/wp\/v2\/comments?post=6653"}],"wp:featuredmedia":[{"embeddable":true,"href":"https:\/\/www.goldzander.at\/shop\/wp-json\/wp\/v2\/media\/6654"}],"wp:attachment":[{"href":"https:\/\/www.goldzander.at\/shop\/wp-json\/wp\/v2\/media?parent=6653"}],"wp:term":[{"taxonomy":"product_brand","embeddable":true,"href":"https:\/\/www.goldzander.at\/shop\/wp-json\/wp\/v2\/product_brand?post=6653"},{"taxonomy":"product_cat","embeddable":true,"href":"https:\/\/www.goldzander.at\/shop\/wp-json\/wp\/v2\/product_cat?post=6653"},{"taxonomy":"product_tag","embeddable":true,"href":"https:\/\/www.goldzander.at\/shop\/wp-json\/wp\/v2\/product_tag?post=6653"},{"taxonomy":"woo-feed-brand","embeddable":true,"href":"https:\/\/www.goldzander.at\/shop\/wp-json\/wp\/v2\/woo-feed-brand?post=6653"}],"curies":[{"name":"wp","href":"https:\/\/api.w.org\/{rel}","templated":true}]}}