{"id":3077,"date":"2021-12-01T21:15:36","date_gmt":"2021-12-01T20:15:36","guid":{"rendered":"https:\/\/www.goldzander.at\/shop\/?post_type=product&#038;p=3077"},"modified":"2021-12-01T21:27:03","modified_gmt":"2021-12-01T20:27:03","slug":"tischkaertchenstaender","status":"publish","type":"product","link":"https:\/\/www.goldzander.at\/shop\/produkt\/tischkaertchenstaender\/","title":{"rendered":"Tischk\u00e4rtchenst\u00e4nder (Set 4 St\u00fccken)"},"content":{"rendered":"<p>Tischk\u00e4rtchenst\u00e4nder (4 St\u00fcck).<\/p>\n<p>Als sch\u00f6ne Dekoration f\u00fcr Weihachten.<\/p>\n","protected":false},"excerpt":{"rendered":"<p>Tischk\u00e4rtchenst\u00e4nder (4 St\u00fcck).<\/p>\n<p>Als sch\u00f6ne Dekoration f\u00fcr Weihachten.<\/p>\n","protected":false},"featured_media":3078,"comment_status":"open","ping_status":"closed","template":"","meta":[],"product_brand":[],"product_cat":[163,170],"product_tag":[351,352,353],"woo-feed-brand":[],"class_list":{"0":"post-3077","1":"product","2":"type-product","3":"status-publish","4":"has-post-thumbnail","6":"product_cat-weihnachten","7":"product_cat-christbaumschmuck","8":"product_tag-weihnachstschmuck","9":"product_tag-tischkaertchen","10":"product_tag-tischkaertchenstaender","12":"first","13":"instock","14":"taxable","15":"shipping-taxable","16":"purchasable","17":"product-type-simple"},"_links":{"self":[{"href":"https:\/\/www.goldzander.at\/shop\/wp-json\/wp\/v2\/product\/3077","targetHints":{"allow":["GET"]}}],"collection":[{"href":"https:\/\/www.goldzander.at\/shop\/wp-json\/wp\/v2\/product"}],"about":[{"href":"https:\/\/www.goldzander.at\/shop\/wp-json\/wp\/v2\/types\/product"}],"replies":[{"embeddable":true,"href":"https:\/\/www.goldzander.at\/shop\/wp-json\/wp\/v2\/comments?post=3077"}],"wp:featuredmedia":[{"embeddable":true,"href":"https:\/\/www.goldzander.at\/shop\/wp-json\/wp\/v2\/media\/3078"}],"wp:attachment":[{"href":"https:\/\/www.goldzander.at\/shop\/wp-json\/wp\/v2\/media?parent=3077"}],"wp:term":[{"taxonomy":"product_brand","embeddable":true,"href":"https:\/\/www.goldzander.at\/shop\/wp-json\/wp\/v2\/product_brand?post=3077"},{"taxonomy":"product_cat","embeddable":true,"href":"https:\/\/www.goldzander.at\/shop\/wp-json\/wp\/v2\/product_cat?post=3077"},{"taxonomy":"product_tag","embeddable":true,"href":"https:\/\/www.goldzander.at\/shop\/wp-json\/wp\/v2\/product_tag?post=3077"},{"taxonomy":"woo-feed-brand","embeddable":true,"href":"https:\/\/www.goldzander.at\/shop\/wp-json\/wp\/v2\/woo-feed-brand?post=3077"}],"curies":[{"name":"wp","href":"https:\/\/api.w.org\/{rel}","templated":true}]}}