{"id":2084,"date":"2021-04-02T09:42:17","date_gmt":"2021-04-02T07:42:17","guid":{"rendered":"https:\/\/www.goldzander.at\/shop\/?post_type=product&#038;p=2084"},"modified":"2022-09-23T12:55:02","modified_gmt":"2022-09-23T10:55:02","slug":"anhaenger-diopsit","status":"publish","type":"product","link":"https:\/\/www.goldzander.at\/shop\/produkt\/anhaenger-diopsit\/","title":{"rendered":"Anh\u00e4nger Diopsit"},"content":{"rendered":"<p>Anh\u00e4nger f\u00fcr eine Kette.<\/p>\n<p>Diopsit\u00a0<span class=\"Apple-converted-space\">i<\/span>n Silber gefasst, naturbelassen. Mit Malachit-Kristall.<\/p>\n<p>Kristall in nat\u00fcrlich Tropfenform, rosa<span class=\"Apple-converted-space\">\u00a0<\/span><\/p>\n<p>Ma\u00dfe mit \u00d6se: 2,7cm<span class=\"Apple-converted-space\">\u00a0<\/span><\/p>\n","protected":false},"excerpt":{"rendered":"<p>Diopsit\u00a0<span class=\"Apple-converted-space\">i<\/span>n Silber gefasst, naturbelassen, mit Malachit-Kristall.<\/p>\n","protected":false},"featured_media":2085,"comment_status":"open","ping_status":"closed","template":"","meta":[],"product_brand":[],"product_cat":[124],"product_tag":[98,252,253],"woo-feed-brand":[],"class_list":{"0":"post-2084","1":"product","2":"type-product","3":"status-publish","4":"has-post-thumbnail","6":"product_cat-anhaenger","7":"product_tag-anhaenger","8":"product_tag-kristall","9":"product_tag-diopsit","11":"first","12":"instock","13":"sold-individually","14":"taxable","15":"shipping-taxable","16":"purchasable","17":"product-type-simple"},"_links":{"self":[{"href":"https:\/\/www.goldzander.at\/shop\/wp-json\/wp\/v2\/product\/2084","targetHints":{"allow":["GET"]}}],"collection":[{"href":"https:\/\/www.goldzander.at\/shop\/wp-json\/wp\/v2\/product"}],"about":[{"href":"https:\/\/www.goldzander.at\/shop\/wp-json\/wp\/v2\/types\/product"}],"replies":[{"embeddable":true,"href":"https:\/\/www.goldzander.at\/shop\/wp-json\/wp\/v2\/comments?post=2084"}],"wp:featuredmedia":[{"embeddable":true,"href":"https:\/\/www.goldzander.at\/shop\/wp-json\/wp\/v2\/media\/2085"}],"wp:attachment":[{"href":"https:\/\/www.goldzander.at\/shop\/wp-json\/wp\/v2\/media?parent=2084"}],"wp:term":[{"taxonomy":"product_brand","embeddable":true,"href":"https:\/\/www.goldzander.at\/shop\/wp-json\/wp\/v2\/product_brand?post=2084"},{"taxonomy":"product_cat","embeddable":true,"href":"https:\/\/www.goldzander.at\/shop\/wp-json\/wp\/v2\/product_cat?post=2084"},{"taxonomy":"product_tag","embeddable":true,"href":"https:\/\/www.goldzander.at\/shop\/wp-json\/wp\/v2\/product_tag?post=2084"},{"taxonomy":"woo-feed-brand","embeddable":true,"href":"https:\/\/www.goldzander.at\/shop\/wp-json\/wp\/v2\/woo-feed-brand?post=2084"}],"curies":[{"name":"wp","href":"https:\/\/api.w.org\/{rel}","templated":true}]}}