{"id":1789,"date":"2021-01-13T21:17:18","date_gmt":"2021-01-13T20:17:18","guid":{"rendered":"https:\/\/www.goldzander.at\/shop\/?post_type=product&#038;p=1789"},"modified":"2022-09-27T11:10:17","modified_gmt":"2022-09-27T09:10:17","slug":"anhaenger-mit-rubin","status":"publish","type":"product","link":"https:\/\/www.goldzander.at\/shop\/produkt\/anhaenger-mit-rubin\/","title":{"rendered":"Anh\u00e4nger mit Rubin"},"content":{"rendered":"<p>Anh\u00e4nger aus 14 Karat Gelbgoldanh\u00e4nger.<span class=\"Apple-converted-space\">\u00a0<\/span><\/p>\n<p>Zeit: Historismus (ca. 1880)<span class=\"Apple-converted-space\">\u00a0<\/span><\/p>\n<p>Punze: Fuchskopf punziert, Graz punziert.<span class=\"Apple-converted-space\">\u00a0<\/span><\/p>\n<p>Mittelstein: Rubin 0,45 cm x 0,6 cm<span class=\"Apple-converted-space\">\u00a0<\/span>umgeben von kleinen Saatperlen.<span class=\"Apple-converted-space\">\u00a0<\/span><\/p>\n<p>Ma\u00dfe: 1,3 x 1,4 cm<span class=\"Apple-converted-space\">\u00a0<\/span><\/p>\n<p>L\u00e4nge mit \u00d6se<span class=\"Apple-converted-space\">\u00a0 <\/span>3,5 cm (mit einem Starren Steg ist die \u00d6se befestigt.<span class=\"Apple-converted-space\">\u00a0<\/span>Der Steg ist durch eine Gravur verziert.)<span class=\"Apple-converted-space\">\u00a0<\/span><\/p>\n","protected":false},"excerpt":{"rendered":"<p>Anh\u00e4nger aus 14 Karat Gelbgold mit Rubin und Saatperlen.<\/p>\n","protected":false},"featured_media":1792,"comment_status":"open","ping_status":"closed","template":"","meta":[],"product_brand":[],"product_cat":[142],"product_tag":[98,197,202,218],"woo-feed-brand":[],"class_list":{"0":"post-1789","1":"product","2":"type-product","3":"status-publish","4":"has-post-thumbnail","6":"product_cat-antik","7":"product_tag-anhaenger","8":"product_tag-antikschmuck","9":"product_tag-perlen","10":"product_tag-rubin","12":"first","13":"instock","14":"sold-individually","15":"taxable","16":"shipping-taxable","17":"purchasable","18":"product-type-simple"},"_links":{"self":[{"href":"https:\/\/www.goldzander.at\/shop\/wp-json\/wp\/v2\/product\/1789","targetHints":{"allow":["GET"]}}],"collection":[{"href":"https:\/\/www.goldzander.at\/shop\/wp-json\/wp\/v2\/product"}],"about":[{"href":"https:\/\/www.goldzander.at\/shop\/wp-json\/wp\/v2\/types\/product"}],"replies":[{"embeddable":true,"href":"https:\/\/www.goldzander.at\/shop\/wp-json\/wp\/v2\/comments?post=1789"}],"wp:featuredmedia":[{"embeddable":true,"href":"https:\/\/www.goldzander.at\/shop\/wp-json\/wp\/v2\/media\/1792"}],"wp:attachment":[{"href":"https:\/\/www.goldzander.at\/shop\/wp-json\/wp\/v2\/media?parent=1789"}],"wp:term":[{"taxonomy":"product_brand","embeddable":true,"href":"https:\/\/www.goldzander.at\/shop\/wp-json\/wp\/v2\/product_brand?post=1789"},{"taxonomy":"product_cat","embeddable":true,"href":"https:\/\/www.goldzander.at\/shop\/wp-json\/wp\/v2\/product_cat?post=1789"},{"taxonomy":"product_tag","embeddable":true,"href":"https:\/\/www.goldzander.at\/shop\/wp-json\/wp\/v2\/product_tag?post=1789"},{"taxonomy":"woo-feed-brand","embeddable":true,"href":"https:\/\/www.goldzander.at\/shop\/wp-json\/wp\/v2\/woo-feed-brand?post=1789"}],"curies":[{"name":"wp","href":"https:\/\/api.w.org\/{rel}","templated":true}]}}