{"id":1731,"date":"2021-01-11T22:59:29","date_gmt":"2021-01-11T21:59:29","guid":{"rendered":"https:\/\/www.goldzander.at\/shop\/?post_type=product&#038;p=1731"},"modified":"2022-09-27T11:28:42","modified_gmt":"2022-09-27T09:28:42","slug":"biedermeier-brosche-2","status":"publish","type":"product","link":"https:\/\/www.goldzander.at\/shop\/produkt\/biedermeier-brosche-2\/","title":{"rendered":"Biedermeier Brosche"},"content":{"rendered":"<p>Biedermeier Brosche.<\/p>\n<p>Gelbgold. Porzellan, bemalt, Bub mit Hut. Umrandung mit Kordeldraht verziert.<span class=\"Apple-converted-space\">\u00a0<\/span><\/p>\n<p>Die die Malerei ist typisch Biedermeier von guter Qualit\u00e4t.<span class=\"Apple-converted-space\">\u00a0<\/span><\/p>\n<p>\u00f6sterreichische Einfuhrpunze.<span class=\"Apple-converted-space\">\u00a0<\/span><\/p>\n<p>Hinten mit Vorrichtung f\u00fcr eine \u00d6se, um das Medaillon als Anh\u00e4nger zu tragen (\u00f6se fehlt, k\u00f6nnte Erg\u00e4nzt werden)<span class=\"Apple-converted-space\">\u00a0<\/span><\/p>\n<p>Ma\u00dfe: 3,6 x 4,1 cm<span class=\"Apple-converted-space\">\u00a0<\/span><\/p>\n<p>&nbsp;<\/p>\n","protected":false},"excerpt":{"rendered":"<p>Gelbgold. Porzellan, bemalt, Bub mit Hut. Umrandung mit Kordeldraht verziert.<\/p>\n","protected":false},"featured_media":1734,"comment_status":"open","ping_status":"closed","template":"","meta":[],"product_brand":[],"product_cat":[142],"product_tag":[197,204,208],"woo-feed-brand":[],"class_list":{"0":"post-1731","1":"product","2":"type-product","3":"status-publish","4":"has-post-thumbnail","6":"product_cat-antik","7":"product_tag-antikschmuck","8":"product_tag-biedermeier","9":"product_tag-medaillon","11":"first","12":"instock","13":"sold-individually","14":"taxable","15":"shipping-taxable","16":"purchasable","17":"product-type-simple"},"_links":{"self":[{"href":"https:\/\/www.goldzander.at\/shop\/wp-json\/wp\/v2\/product\/1731","targetHints":{"allow":["GET"]}}],"collection":[{"href":"https:\/\/www.goldzander.at\/shop\/wp-json\/wp\/v2\/product"}],"about":[{"href":"https:\/\/www.goldzander.at\/shop\/wp-json\/wp\/v2\/types\/product"}],"replies":[{"embeddable":true,"href":"https:\/\/www.goldzander.at\/shop\/wp-json\/wp\/v2\/comments?post=1731"}],"wp:featuredmedia":[{"embeddable":true,"href":"https:\/\/www.goldzander.at\/shop\/wp-json\/wp\/v2\/media\/1734"}],"wp:attachment":[{"href":"https:\/\/www.goldzander.at\/shop\/wp-json\/wp\/v2\/media?parent=1731"}],"wp:term":[{"taxonomy":"product_brand","embeddable":true,"href":"https:\/\/www.goldzander.at\/shop\/wp-json\/wp\/v2\/product_brand?post=1731"},{"taxonomy":"product_cat","embeddable":true,"href":"https:\/\/www.goldzander.at\/shop\/wp-json\/wp\/v2\/product_cat?post=1731"},{"taxonomy":"product_tag","embeddable":true,"href":"https:\/\/www.goldzander.at\/shop\/wp-json\/wp\/v2\/product_tag?post=1731"},{"taxonomy":"woo-feed-brand","embeddable":true,"href":"https:\/\/www.goldzander.at\/shop\/wp-json\/wp\/v2\/woo-feed-brand?post=1731"}],"curies":[{"name":"wp","href":"https:\/\/api.w.org\/{rel}","templated":true}]}}