{"id":23,"date":"2020-04-04T09:51:58","date_gmt":"2020-04-04T07:51:58","guid":{"rendered":""},"modified":"2022-10-01T09:57:39","modified_gmt":"2022-10-01T07:57:39","slug":"kontakt","status":"publish","type":"page","link":"https:\/\/www.goldzander.at\/shop\/kontakt\/","title":{"rendered":"Kontakt"},"content":{"rendered":"\n<h2 style=\"text-align: center;\">&nbsp;<\/h2>\n<p style=\"text-align: center;\">Adresse:<\/p>\n<p style=\"text-align: center;\">Sackstra\u00dfe 26, 8010 Graz, AUSTRIA.<\/p>\n<p style=\"text-align: center;\">Telefonnummer: <a href=\"tel:+43\/699\/17140570\">+43\/699\/17140570<\/a><\/p>\n<div class=\"row\"  id=\"row-851224937\">\n\n\n\t<div id=\"col-1403675349\" class=\"col medium-6 small-12 large-6\"  >\n\t\t\t\t<div class=\"col-inner\"  >\n\t\t\t\n\t\t\t\n\n<div class=\"container section-title-container\" ><h3 class=\"section-title section-title-normal\"><b aria-hidden=\"true\"><\/b><span class=\"section-title-main\" >FAQ<\/span><b aria-hidden=\"true\"><\/b><\/h3><\/div>\n\n<div class=\"accordion\">\n\n\t<div id=\"accordion-2602263376\" class=\"accordion-item\">\n\t\t<a id=\"accordion-2602263376-label\" class=\"accordion-title plain\" href=\"#accordion-item-wie-wird-meine-paket-versandt?\" aria-expanded=\"false\" aria-controls=\"accordion-2602263376-content\">\n\t\t\t<button class=\"toggle\" aria-label=\"Umschalten\"><i class=\"icon-angle-down\" aria-hidden=\"true\"><\/i><\/button>\n\t\t\t<span>Wie wird meine Paket versandt?<\/span>\n\t\t<\/a>\n\t\t<div id=\"accordion-2602263376-content\" class=\"accordion-inner\" aria-labelledby=\"accordion-2602263376-label\">\n\t\t\t\n\n<p>Nach der Bestellung versenden wir Ihr Paket schnellstm\u00f6glich mit der Post.at oder via GoRocke. &nbsp;<\/p>\n\n\t\t<\/div>\n\t<\/div>\n\t\n\t<div id=\"accordion-1865193700\" class=\"accordion-item\">\n\t\t<a id=\"accordion-1865193700-label\" class=\"accordion-title plain\" href=\"#accordion-item-welche-zahlungsarten-akzeptiert-ihr?\" aria-expanded=\"false\" aria-controls=\"accordion-1865193700-content\">\n\t\t\t<button class=\"toggle\" aria-label=\"Umschalten\"><i class=\"icon-angle-down\" aria-hidden=\"true\"><\/i><\/button>\n\t\t\t<span>Welche Zahlungsarten akzeptiert Ihr?<\/span>\n\t\t<\/a>\n\t\t<div id=\"accordion-1865193700-content\" class=\"accordion-inner\" aria-labelledby=\"accordion-1865193700-label\">\n\t\t\t\n\n<p>Wir akzeptieren Nachnahme, Bank\u00fcberweisung, Sofort\u00fcberweisung, EPS, Kreditkarte und Apple Pay.&nbsp;<\/p>\n\n\t\t<\/div>\n\t<\/div>\n\t\n\t<div id=\"accordion-2640769965\" class=\"accordion-item\">\n\t\t<a id=\"accordion-2640769965-label\" class=\"accordion-title plain\" href=\"#accordion-item-was-passiert,-wenn-mir-der-artikel-nicht-gef\u00e4llt?\" aria-expanded=\"false\" aria-controls=\"accordion-2640769965-content\">\n\t\t\t<button class=\"toggle\" aria-label=\"Umschalten\"><i class=\"icon-angle-down\" aria-hidden=\"true\"><\/i><\/button>\n\t\t\t<span>Was passiert, wenn mir der Artikel nicht gef\u00e4llt?<\/span>\n\t\t<\/a>\n\t\t<div id=\"accordion-2640769965-content\" class=\"accordion-inner\" aria-labelledby=\"accordion-2640769965-label\">\n\t\t\t\n\n<p>Sie haben das Recht, innerhalb von 14 Tagen ohne Angabe von Gr\u00fcnden vom Kauf zur\u00fcckzutreten. Die Formalit\u00e4ten hierzu und weiter Informationen finden Sie in der <a href=\"https:\/\/www.goldzander.at\/shop\/widerrufsbelehrung\/\">Widerrufsbelehrung<\/a>.&nbsp;<\/p>\n\n\n\t\t<\/div>\n\t<\/div>\n\t\n\n<\/div>\n\n\t\t<\/div>\n\t\t\t\t\t<\/div>\n\n\t\n\n\t<div id=\"col-1627617431\" class=\"col medium-6 small-12 large-6\"  >\n\t\t\t\t<div class=\"col-inner\"  >\n\t\t\t\n\t\t\t\n\n<div class=\"container section-title-container\" ><h3 class=\"section-title section-title-normal\"><b aria-hidden=\"true\"><\/b><span class=\"section-title-main\" >Kontaktformular<\/span><b aria-hidden=\"true\"><\/b><\/h3><\/div>\n\n\n<div class=\"wpcf7 no-js\" id=\"wpcf7-f74-o1\" lang=\"en-US\" dir=\"ltr\" data-wpcf7-id=\"74\">\n<div class=\"screen-reader-response\"><p role=\"status\" aria-live=\"polite\" aria-atomic=\"true\"><\/p> <ul><\/ul><\/div>\n<form action=\"\/shop\/wp-json\/wp\/v2\/pages\/23#wpcf7-f74-o1\" method=\"post\" class=\"wpcf7-form init\" aria-label=\"Contact form\" novalidate=\"novalidate\" data-status=\"init\">\n<fieldset class=\"hidden-fields-container\"><input type=\"hidden\" name=\"_wpcf7\" value=\"74\" \/><input type=\"hidden\" name=\"_wpcf7_version\" value=\"6.1.5\" \/><input type=\"hidden\" name=\"_wpcf7_locale\" value=\"en_US\" \/><input type=\"hidden\" name=\"_wpcf7_unit_tag\" value=\"wpcf7-f74-o1\" \/><input type=\"hidden\" name=\"_wpcf7_container_post\" value=\"0\" \/><input type=\"hidden\" name=\"_wpcf7_posted_data_hash\" value=\"\" \/>\n<\/fieldset>\n<p><span id=\"wpcf7-69d82fd267785-wrapper\" class=\"wpcf7-form-control-wrap name-231-wrap\" style=\"display:none !important; visibility:hidden !important;\"><label for=\"wpcf7-69d82fd267785-field\" class=\"hp-message\">Please leave this field empty.<\/label><input id=\"wpcf7-69d82fd267785-field\"  placeholder=\"Name\"  class=\"wpcf7-form-control wpcf7-text\" type=\"text\" name=\"name-231\" value=\"\" size=\"40\" tabindex=\"-1\" autocomplete=\"off\" \/><\/span>\n<\/p>\n<p><label>Ihr Name (Pflichtfeld)<\/label><br \/>\n<span class=\"wpcf7-form-control-wrap\" data-name=\"your-name\"><input size=\"40\" maxlength=\"400\" class=\"wpcf7-form-control wpcf7-text wpcf7-validates-as-required\" aria-required=\"true\" aria-invalid=\"false\" value=\"\" type=\"text\" name=\"your-name\" \/><\/span>\n<\/p>\n<p><span id=\"wpcf7-69d82fd267880-wrapper\" class=\"wpcf7-form-control-wrap email-863-wrap\" style=\"display:none !important; visibility:hidden !important;\"><input type=\"hidden\" name=\"email-863-time-start\" value=\"1775775698\"><input type=\"hidden\" name=\"email-863-time-check\" value=\"4\"><label for=\"wpcf7-69d82fd267880-field\" class=\"hp-message\">Please leave this field empty.<\/label><input id=\"wpcf7-69d82fd267880-field\"  placeholder=\"email\"  class=\"wpcf7-form-control wpcf7-text\" type=\"text\" name=\"email-863\" value=\"\" size=\"40\" tabindex=\"-1\" autocomplete=\"off\" \/><\/span>\n<\/p>\n<p><span id=\"wpcf7-69d82fd2678d2-wrapper\" class=\"wpcf7-form-control-wrap email-231-wrap\" style=\"display:none !important; visibility:hidden !important;\"><label for=\"wpcf7-69d82fd2678d2-field\" class=\"hp-message\">Please leave this field empty.<\/label><input id=\"wpcf7-69d82fd2678d2-field\"  placeholder=\"email\"  class=\"wpcf7-form-control wpcf7-text\" type=\"text\" name=\"email-231\" value=\"\" size=\"40\" tabindex=\"-1\" autocomplete=\"off\" \/><\/span><br \/>\n<label>Ihre E-Mail-Adresse (Pflichtfeld)<\/label><br \/>\n<span class=\"wpcf7-form-control-wrap\" data-name=\"your-email\"><input size=\"40\" maxlength=\"400\" class=\"wpcf7-form-control wpcf7-email wpcf7-validates-as-required wpcf7-text wpcf7-validates-as-email\" aria-required=\"true\" aria-invalid=\"false\" value=\"\" type=\"email\" name=\"your-email\" \/><\/span>\n<\/p>\n<p><label>Telefonnummer<\/label><span class=\"wpcf7-form-control-wrap\" data-name=\"tel-814\"><input size=\"40\" maxlength=\"400\" class=\"wpcf7-form-control wpcf7-tel wpcf7-text wpcf7-validates-as-tel\" aria-invalid=\"false\" value=\"\" type=\"tel\" name=\"tel-814\" \/><\/span>\n<\/p>\n<p><label>Ihre Nachricht (Pflichtfeld)<\/label>\n<\/p>\n<p><span class=\"wpcf7-form-control-wrap\" data-name=\"your-message\"><textarea cols=\"40\" rows=\"10\" maxlength=\"2000\" class=\"wpcf7-form-control wpcf7-textarea\" aria-invalid=\"false\" name=\"your-message\"><\/textarea><\/span>\n<\/p>\n<p><span id=\"wpcf7-69d82fd2679fa-wrapper\" class=\"wpcf7-form-control-wrap phone-231-wrap\" style=\"display:none !important; visibility:hidden !important;\"><input type=\"hidden\" name=\"phone-231-time-start\" value=\"1775775698\"><input type=\"hidden\" name=\"phone-231-time-check\" value=\"4\"><label for=\"wpcf7-69d82fd2679fa-field\" class=\"hp-message\">Please leave this field empty.<\/label><input id=\"wpcf7-69d82fd2679fa-field\"  placeholder=\"phone\"  class=\"wpcf7-form-control wpcf7-text\" type=\"text\" name=\"phone-231\" value=\"\" size=\"40\" tabindex=\"-1\" autocomplete=\"off\" \/><\/span>\n<\/p>\n<p><span id=\"wpcf7-69d82fd267a47-wrapper\" class=\"wpcf7-form-control-wrap message-863-wrap\" style=\"display:none !important; visibility:hidden !important;\"><input type=\"hidden\" name=\"message-863-time-start\" value=\"1775775698\"><input type=\"hidden\" name=\"message-863-time-check\" value=\"4\"><label for=\"wpcf7-69d82fd267a47-field\" class=\"hp-message\">Please leave this field empty.<\/label><input id=\"wpcf7-69d82fd267a47-field\"  placeholder=\"Ihre Nachricht\"  class=\"wpcf7-form-control wpcf7-text\" type=\"text\" name=\"message-863\" value=\"\" size=\"40\" tabindex=\"-1\" autocomplete=\"off\" \/><\/span>\n<\/p>\n<p><span class=\"wpcf7-form-control-wrap\" data-name=\"acceptance-656\"><span class=\"wpcf7-form-control wpcf7-acceptance\"><span class=\"wpcf7-list-item\"><label><input type=\"checkbox\" name=\"acceptance-656\" value=\"1\" aria-invalid=\"false\" \/><span class=\"wpcf7-list-item-label\">Ich hab die <a href=\"\/datenschutzerklaerung\/\">Datenschutzbestimmungen<\/a> gelesen.<\/span><\/label><\/span><\/span><\/span>\n<\/p>\n<p><input class=\"wpcf7-form-control wpcf7-submit has-spinner button\" type=\"submit\" value=\"Absenden\" \/>\n<\/p><div class=\"wpcf7-response-output\" aria-hidden=\"true\"><\/div>\n<\/form>\n<\/div>\n\n\n\n\t\t<\/div>\n\t\t\t\t\t<\/div>\n\n\t\n\n<\/div>\n\n","protected":false},"excerpt":{"rendered":"","protected":false},"author":1,"featured_media":0,"parent":0,"menu_order":0,"comment_status":"closed","ping_status":"closed","template":"page-blank-featured.php","meta":{"footnotes":""},"class_list":["post-23","page","type-page","status-publish","hentry"],"_links":{"self":[{"href":"https:\/\/www.goldzander.at\/shop\/wp-json\/wp\/v2\/pages\/23","targetHints":{"allow":["GET"]}}],"collection":[{"href":"https:\/\/www.goldzander.at\/shop\/wp-json\/wp\/v2\/pages"}],"about":[{"href":"https:\/\/www.goldzander.at\/shop\/wp-json\/wp\/v2\/types\/page"}],"author":[{"embeddable":true,"href":"https:\/\/www.goldzander.at\/shop\/wp-json\/wp\/v2\/users\/1"}],"replies":[{"embeddable":true,"href":"https:\/\/www.goldzander.at\/shop\/wp-json\/wp\/v2\/comments?post=23"}],"version-history":[{"count":15,"href":"https:\/\/www.goldzander.at\/shop\/wp-json\/wp\/v2\/pages\/23\/revisions"}],"predecessor-version":[{"id":6555,"href":"https:\/\/www.goldzander.at\/shop\/wp-json\/wp\/v2\/pages\/23\/revisions\/6555"}],"wp:attachment":[{"href":"https:\/\/www.goldzander.at\/shop\/wp-json\/wp\/v2\/media?parent=23"}],"curies":[{"name":"wp","href":"https:\/\/api.w.org\/{rel}","templated":true}]}}