{"id":148,"date":"2013-08-11T19:06:15","date_gmt":"2013-08-11T19:06:15","guid":{"rendered":"http:\/\/localhost:8888\/test\/?page_id=520"},"modified":"2020-06-22T20:25:04","modified_gmt":"2020-06-22T18:25:04","slug":"ueber-uns-2","status":"publish","type":"page","link":"https:\/\/www.goldzander.at\/shop\/ueber-uns-2\/","title":{"rendered":"\u00dcber uns"},"content":{"rendered":"\n\n  <div class=\"banner has-hover has-parallax\" id=\"banner-2081880411\">\n          <div class=\"banner-inner fill\">\n        <div class=\"banner-bg fill\" data-parallax=\"-3\" data-parallax-container=\".banner\" data-parallax-background>\n                                                \n                    <\/div>\n\t\t\n        <div class=\"banner-layers container\">\n            <div class=\"fill banner-link\"><\/div>            \n\n   <div id=\"text-box-1882945456\" class=\"text-box banner-layer x50 md-x50 lg-x50 y80 md-y80 lg-y80 res-text\">\n                                <div class=\"text-box-content text dark\">\n              \n              <div class=\"text-inner text-center\">\n                  \n\n<h1 class=\"lead\">\u00dcber uns<\/h1>\n\n              <\/div>\n           <\/div>\n                            \n<style>\n#text-box-1882945456 {\n  width: 56%;\n}\n#text-box-1882945456 .text-box-content {\n  font-size: 100%;\n}\n<\/style>\n    <\/div>\n \n\n        <\/div>\n      <\/div>\n\n            \n<style>\n#banner-2081880411 {\n  padding-top: 400px;\n}\n#banner-2081880411 .banner-bg img {\n  object-position: 31% 22%;\n}\n<\/style>\n  <\/div>\n\n\n\t<div id=\"gap-1037314962\" class=\"gap-element clearfix\" style=\"display:block; height:auto;\">\n\t\t\n<style>\n#gap-1037314962 {\n  padding-top: 50px;\n}\n<\/style>\n\t<\/div>\n\t\n\n<div class=\"row align-center\"  id=\"row-1762837161\">\n\n\n\t<div id=\"col-33274812\" class=\"col medium-3 small-7 large-3\"  >\n\t\t\t\t<div class=\"col-inner\"  >\n\t\t\t\n\t\t\t\n\n    <div class=\"box has-hover has-hover box-default box-text-bottom\" >\n\n                  <div class=\"box-image \" >\n           <div class=\"box-image-inner image-cover\" style=\"border-radius:100%;padding-top:100%;\">\n              <img loading=\"lazy\" decoding=\"async\" width=\"404\" height=\"400\" src=\"https:\/\/www.goldzander.at\/shop\/wp-content\/uploads\/Winkler-404x400.png\" class=\"attachment-medium size-medium\" alt=\"\" srcset=\"https:\/\/www.goldzander.at\/shop\/wp-content\/uploads\/Winkler-404x400.png 404w, https:\/\/www.goldzander.at\/shop\/wp-content\/uploads\/Winkler-100x100.png 100w, https:\/\/www.goldzander.at\/shop\/wp-content\/uploads\/Winkler-510x505.png 510w, https:\/\/www.goldzander.at\/shop\/wp-content\/uploads\/Winkler-808x800.png 808w, https:\/\/www.goldzander.at\/shop\/wp-content\/uploads\/Winkler-768x760.png 768w, https:\/\/www.goldzander.at\/shop\/wp-content\/uploads\/Winkler.png 905w\" sizes=\"auto, (max-width: 404px) 100vw, 404px\" \/>                         <\/div>\n          <\/div>\n         \n          <div class=\"box-text text-center is-small\" >\n                <div class=\"box-text-inner\">\n                  <h4 class=\"uppercase\">\n                    <span class=\"person-name\">Renate Winkler<\/span><br\/>\n                    <span class=\"person-title is-small thin-font op-7\">\n                      CEO                    <\/span>\n                  <\/h4>\n\t\t\t\t\t\n\n<p>Renate Winkler \u00fcbernahm 2014 den Juwelier Goldzander und f\u00fchrte diesen im Zanderhof in eine neue \u00c4ra.&nbsp;<\/p>\n\n                <\/div>\n          <\/div>\n    <\/div>\n\n\t\n    \n\n\t\t<\/div>\n\t\t\t\t\t<\/div>\n\n\t\n\n\t<div id=\"col-828290154\" class=\"col medium-3 small-7 large-3\"  >\n\t\t\t\t<div class=\"col-inner\"  >\n\t\t\t\n\t\t\t\n\n    <div class=\"box has-hover has-hover box-default box-text-bottom\" >\n\n                  <div class=\"box-image \" >\n           <div class=\"box-image-inner image-cover\" style=\"border-radius:100%;padding-top:100%;\">\n              <img loading=\"lazy\" decoding=\"async\" width=\"391\" height=\"400\" src=\"https:\/\/www.goldzander.at\/shop\/wp-content\/uploads\/Zander-391x400.png\" class=\"attachment-medium size-medium\" alt=\"\" srcset=\"https:\/\/www.goldzander.at\/shop\/wp-content\/uploads\/Zander-391x400.png 391w, https:\/\/www.goldzander.at\/shop\/wp-content\/uploads\/Zander-510x521.png 510w, https:\/\/www.goldzander.at\/shop\/wp-content\/uploads\/Zander-783x800.png 783w, https:\/\/www.goldzander.at\/shop\/wp-content\/uploads\/Zander-768x785.png 768w, https:\/\/www.goldzander.at\/shop\/wp-content\/uploads\/Zander.png 901w\" sizes=\"auto, (max-width: 391px) 100vw, 391px\" \/>                         <\/div>\n          <\/div>\n         \n          <div class=\"box-text text-center is-small\" >\n                <div class=\"box-text-inner\">\n                  <h4 class=\"uppercase\">\n                    <span class=\"person-name\">Erika Zander<\/span><br\/>\n                    <span class=\"person-title is-small thin-font op-7\">\n                      Gr\u00fcnderin                    <\/span>\n                  <\/h4>\n\t\t\t\t\t\n\n<p>Erika Zander gr\u00fcndete 1983 den Juwelier Goldzander und \u00fcbergab diesen 2014 an ihre Tochter Renate Winkler<\/p>\n\n                <\/div>\n          <\/div>\n    <\/div>\n\n\t\n    \n\n\t\t<\/div>\n\t\t\t\t\t<\/div>\n\n\t\n\n<\/div>\n\t<div id=\"gap-470530424\" class=\"gap-element clearfix\" style=\"display:block; height:auto;\">\n\t\t\n<style>\n#gap-470530424 {\n  padding-top: 30px;\n}\n<\/style>\n\t<\/div>\n\t\n\n<div class=\"row\"  id=\"row-2038298550\">\n\n\n\t<div id=\"col-783720694\" class=\"col small-12 large-12\"  >\n\t\t\t\t<div class=\"col-inner\"  >\n\t\t\t\n\t\t\t\n\n<p>Meine Mutter Erika Zander f\u00fchrte von 1983 bis Anfang 2014 das Juweliergesch\u00e4ft Goldzander am Grazer Hauptplatz, also mitten im Zentrum der Stadt. Diese Erfolgsgeschichte m\u00f6chte ich nun im wundersch\u00f6nen Ambiente des Zanderhofes in eine neue \u00c4ra f\u00fchren.&nbsp;<\/p>\n<p>Ich habe mich ganz bewusst von der Frequenz der Stra\u00dfe in die Idylle des Renaissancehofes meines Elternhauses zur\u00fcckgezogen, um Sie in dieser diskreten Atmosph\u00e4re zu unseren \u00d6ffnungszeiten und nach telefonischer Absprache zu beraten und Ihnen unser Schmuck-Sortiment zu pr\u00e4sentieren. Ich freue mich, Ihnen neben erlesenen Juwelen, Silber, Silberschmuck und historischem Schmuck auch meine eigenen modernen Schmuckkreationen anbieten zu k\u00f6nnen. Besonders meine geschmackvollen Stein- und Perlenkettenentw\u00fcrfe sind bei meinen Kunden bekannt und beliebt, wobei ich auch gerne auf Ihre individuellen W\u00fcnsche eingehe. Selbstverst\u00e4ndlich werden auch Reparaturen Ihrer Schmuckst\u00fccke weiterhin genauso zuverl\u00e4ssig \u00fcbernommen wie bisher.<\/p>\n<p>&nbsp;<\/p>\n<p>Kunst, Schmuck, Diamanten und Gemmologie haben in meiner Familie Tradition. Ich bin stolz darauf, diese Tradition durch meine Ausbildung zur Diamanten-, Gemmologie- sowie Perlengutachterin am Deutschen Gemmologischen Institut in Idar-Oberstein und meine langj\u00e4hrige berufliche Erfahrung fortsetzen zu k\u00f6nnen.&nbsp;<\/p>\n<p>Die kosteng\u00fcnstige Struktur im eigenen Haus gebe ich gerne in konkurrenzf\u00e4higen Preisen an meine Kunden weiter. Die Produkte und Angebote auf dieser Website sind nur ein kleiner Auszug aus meinem vielf\u00e4ltigen Sortiment, das ich Ihnen bei einem Besuch in meinem Juweliergesch\u00e4ft im Zanderhof sehr gern pr\u00e4sentiere.<\/p>\n<p>&nbsp;<\/p>\n<p><i>Herzlichst, Ihre Renate Winkler<\/i><\/p>\n<div class=\"text-center\"><div class=\"is-divider divider clearfix\" ><\/div><\/div>\n\n\n\t\t<\/div>\n\t\t\t\t\t<\/div>\n\n\t\n\n<\/div>\n\n","protected":false},"excerpt":{"rendered":"","protected":false},"author":1,"featured_media":0,"parent":0,"menu_order":0,"comment_status":"closed","ping_status":"closed","template":"page-transparent-header.php","meta":{"footnotes":""},"class_list":["post-148","page","type-page","status-publish","hentry"],"_links":{"self":[{"href":"https:\/\/www.goldzander.at\/shop\/wp-json\/wp\/v2\/pages\/148","targetHints":{"allow":["GET"]}}],"collection":[{"href":"https:\/\/www.goldzander.at\/shop\/wp-json\/wp\/v2\/pages"}],"about":[{"href":"https:\/\/www.goldzander.at\/shop\/wp-json\/wp\/v2\/types\/page"}],"author":[{"embeddable":true,"href":"https:\/\/www.goldzander.at\/shop\/wp-json\/wp\/v2\/users\/1"}],"replies":[{"embeddable":true,"href":"https:\/\/www.goldzander.at\/shop\/wp-json\/wp\/v2\/comments?post=148"}],"version-history":[{"count":8,"href":"https:\/\/www.goldzander.at\/shop\/wp-json\/wp\/v2\/pages\/148\/revisions"}],"predecessor-version":[{"id":1046,"href":"https:\/\/www.goldzander.at\/shop\/wp-json\/wp\/v2\/pages\/148\/revisions\/1046"}],"wp:attachment":[{"href":"https:\/\/www.goldzander.at\/shop\/wp-json\/wp\/v2\/media?parent=148"}],"curies":[{"name":"wp","href":"https:\/\/api.w.org\/{rel}","templated":true}]}}