{"id":1372,"date":"2020-10-17T23:02:00","date_gmt":"2020-10-17T21:02:00","guid":{"rendered":"https:\/\/www.goldzander.at\/shop\/?page_id=1372"},"modified":"2021-04-16T11:09:09","modified_gmt":"2021-04-16T09:09:09","slug":"armbaender","status":"publish","type":"page","link":"https:\/\/www.goldzander.at\/shop\/shop\/armbaender\/","title":{"rendered":"Armb\u00e4nder"},"content":{"rendered":"\n\n\t<section class=\"section dark has-parallax\" id=\"section_667443670\">\n\t\t<div class=\"section-bg fill\" data-parallax-container=\".section\" data-parallax-background data-parallax=\"-3\">\n\t\t\t\t\t\t\t\t\t<div class=\"section-bg-overlay absolute fill\"><\/div>\n\t\t\t\n\n\t\t<\/div>\n\n\t\t\n\n\t\t<div class=\"section-content relative\">\n\t\t\t\n\n<div class=\"row\"  id=\"row-1896415548\">\n\n\n\t<div id=\"col-1186286140\" class=\"col small-12 large-12\"  >\n\t\t\t\t<div class=\"col-inner text-center\"  >\n\t\t\t\n\t\t\t\n\n<h1><strong>Armb\u00e4nder<\/strong><\/h1>\n<p>&nbsp;<\/p>\n\n\t\t<\/div>\n\t\t\t\t\n<style>\n#col-1186286140 > .col-inner {\n  padding: 5% 0% 0px 5%;\n}\n<\/style>\n\t<\/div>\n\n\t\n\n<\/div>\n\n\t\t<\/div>\n\n\t\t\n<style>\n#section_667443670 {\n  padding-top: 0px;\n  padding-bottom: 0px;\n  min-height: 207px;\n  background-color: rgb(255, 166, 2);\n}\n#section_667443670 .section-bg-overlay {\n  background-color: rgba(0, 0, 0, 0.19);\n}\n#section_667443670 .section-bg img {\n  object-position: 65% 40%;\n}\n<\/style>\n\t<\/section>\n\t\n\n\t<section class=\"section dark has-mask mask-angled-right\" id=\"section_1014328736\">\n\t\t<div class=\"section-bg fill\" >\n\t\t\t\t\t\t\t\t\t\n\t\t\t\n\n\t\t<\/div>\n\n\t\t\n\n\t\t<div class=\"section-content relative\">\n\t\t\t\n\n<div class=\"row\"  id=\"row-1438197072\">\n\n\n\t<div id=\"col-1711649625\" class=\"col small-12 large-12\"  >\n\t\t\t\t<div class=\"col-inner\"  >\n\t\t\t\n\t\t\t\n\n<p><span style=\"color: #000000;\">Armb\u00e4nder haben eine lange Tradition. Historische Funde belegen, dass sich die Menschen im Alten \u00c4gypten, im Zweistromland und in China bereits vor 7.000 Jahren damit geschm\u00fcckt haben. W\u00e4hrend urspr\u00fcnglich Gr\u00e4ser und Muscheln verarbeitet wurden, ging man nach dem Aufkommen der Metallbearbeitung in der Bronzezeit dazu \u00fcber, h\u00e4rtere und langlebigere Materialien zu bearbeiten. Die Griechen und in weiterer Folge die R\u00f6mer sch\u00e4tzten Armb\u00e4nder, wobei auch Krieger \u2013 zum Schutz vor Schwerthieben \u2013 B\u00e4nder aus Leder oder Eisen trugen. Im mitteleurop\u00e4ischen Raum wurden Armb\u00e4nder vor allem in der Zeit der Renaissance und im 19. Jahrhundert von Damen getragen, als M\u00e4nnerschmuck liegen sie erst wieder seit einigen Jahren im Trend. Im Laufe der Zeit hat sich die Be- und Verarbeitung der Armb\u00e4nder st\u00e4ndig weiterentwickelt, neue Materialien und Techniken bringen immer neue Variationen hervor, sehr beliebt sind Armb\u00e4nder allerdings nach wie vor.<span class=\"Apple-converted-space\">\u00a0<\/span><\/span><\/p>\n\n\t\t<\/div>\n\t\t\t\t\t<\/div>\n\n\t\n\n<\/div>\n\n\t\t<\/div>\n\n\t\t\n<style>\n#section_1014328736 {\n  padding-top: 30px;\n  padding-bottom: 30px;\n  min-height: 193px;\n  background-color: rgb(241, 241, 241);\n}\n<\/style>\n\t<\/section>\n\t\n<div class=\"text-center\"><div class=\"is-divider divider clearfix\" ><\/div><\/div>\n\n\t\n  \n    <div class=\"row large-columns-4 medium-columns-3 small-columns-2 row-small\" >\n  \n\t     <div class=\"col\" >\n\t\t\t\t\t\t<div class=\"col-inner\">\n\t\t\t\t\t\t\n<div class=\"badge-container absolute left top z-1\">\n\n<\/div>\n\t\t\t\t\t\t<div class=\"product-small box has-hover box-normal box-text-bottom\">\n\t\t\t\t\t\t\t<div class=\"box-image\" >\n\t\t\t\t\t\t\t\t<div class=\"image-zoom image-zoom\" >\n\t\t\t\t\t\t\t\t\t<a href=\"https:\/\/www.goldzander.at\/shop\/produkt\/armband-chilli\/\" aria-label=\"Armband &quot;Chilli&quot;\">\n\t\t\t\t\t\t\t\t\t\t<img loading=\"lazy\" decoding=\"async\" width=\"247\" height=\"296\" src=\"https:\/\/www.goldzander.at\/shop\/wp-content\/uploads\/Armband-247x296.jpg\" class=\"show-on-hover absolute fill hide-for-small back-imageshow-on-hover absolute fill hide-for-small back-image hover-zoom\" alt=\"Alternative view of Armband &quot;Chilli&quot;\" aria-hidden=\"true\" \/><img loading=\"lazy\" decoding=\"async\" width=\"247\" height=\"296\" src=\"https:\/\/www.goldzander.at\/shop\/wp-content\/uploads\/Armband-chilli-247x296.jpg\" class=\"attachment-woocommerce_thumbnail size-woocommerce_thumbnail\" alt=\"Armband &quot;Chilli&quot;\" \/>\t\t\t\t\t\t\t\t\t<\/a>\n\t\t\t\t\t\t\t\t\t\t\t\t\t\t\t\t\t\t \t\t\t\t\t\t\t\t<\/div>\n\t\t\t\t\t\t\t\t<div class=\"image-tools top right show-on-hover\">\n\t\t\t\t\t\t\t\t\t\t\t\t\t\t\t\t\t<\/div>\n\t\t\t\t\t\t\t\t\t\t\t\t\t\t\t\t\t<div class=\"image-tools grid-tools text-center hide-for-small bottom hover-slide-in show-on-hover\">\n\t\t\t\t\t\t\t\t\t\t<a href=\"#quick-view\" class=\"quick-view\" role=\"button\" data-prod=\"1997\" aria-haspopup=\"dialog\" aria-expanded=\"false\" data-flatsome-role-button>Schnellansicht<\/a>\t\t\t\t\t\t\t\t\t<\/div>\n\t\t\t\t\t\t\t\t\t\t\t\t\t\t\t\t\t\t\t\t\t\t\t<\/div>\n\n\t\t\t\t\t\t\t<div class=\"box-text text-center\" >\n\t\t\t\t\t\t\t\t<div class=\"title-wrapper\">\t\t<p class=\"category uppercase is-smaller no-text-overflow product-cat op-8\">\n\t\t\tArmband\t\t<\/p>\n\t<p class=\"name product-title woocommerce-loop-product__title\"><a href=\"https:\/\/www.goldzander.at\/shop\/produkt\/armband-chilli\/\" class=\"woocommerce-LoopProduct-link woocommerce-loop-product__link\">Armband &#8220;Chilli&#8221;<\/a><\/p><\/div><div class=\"price-wrapper\">\n\t<span class=\"price\"><span class=\"woocommerce-Price-amount amount\"><bdi><span class=\"woocommerce-Price-currencySymbol\">&euro;<\/span>&nbsp;166,00<\/bdi><\/span><\/span>\n\n\n\n<\/div><div class=\"add-to-cart-button\"><a href=\"\/shop\/wp-json\/wp\/v2\/pages\/1372?add-to-cart=1997\" aria-describedby=\"woocommerce_loop_add_to_cart_link_describedby_1997\" data-quantity=\"1\" class=\"primary is-small mb-0 button product_type_simple add_to_cart_button ajax_add_to_cart is-gloss\" data-product_id=\"1997\" data-product_sku=\"1997\" aria-label=\"In den Warenkorb legen: \u201eArmband &quot;Chilli&quot;\u201c\" rel=\"nofollow\" data-success_message=\"\u201eArmband &quot;Chilli&quot;\u201c wurde deinem Warenkorb hinzugef\u00fcgt\" role=\"button\">In den Warenkorb<\/a><\/div>\t<span id=\"woocommerce_loop_add_to_cart_link_describedby_1997\" class=\"screen-reader-text\">\n\t\t\t<\/span>\n\t\t\t\t\t\t\t<\/div>\n\t\t\t\t\t\t<\/div>\n\t\t\t\t\t\t<\/div>\n\t\t\t\t\t<\/div><\/div>\n\n<div class=\"text-center\"><div class=\"is-divider divider clearfix\" ><\/div><\/div>\n\n\n","protected":false},"excerpt":{"rendered":"","protected":false},"author":1,"featured_media":0,"parent":45,"menu_order":1,"comment_status":"closed","ping_status":"closed","template":"page-blank.php","meta":{"footnotes":""},"class_list":["post-1372","page","type-page","status-publish","hentry"],"_links":{"self":[{"href":"https:\/\/www.goldzander.at\/shop\/wp-json\/wp\/v2\/pages\/1372","targetHints":{"allow":["GET"]}}],"collection":[{"href":"https:\/\/www.goldzander.at\/shop\/wp-json\/wp\/v2\/pages"}],"about":[{"href":"https:\/\/www.goldzander.at\/shop\/wp-json\/wp\/v2\/types\/page"}],"author":[{"embeddable":true,"href":"https:\/\/www.goldzander.at\/shop\/wp-json\/wp\/v2\/users\/1"}],"replies":[{"embeddable":true,"href":"https:\/\/www.goldzander.at\/shop\/wp-json\/wp\/v2\/comments?post=1372"}],"version-history":[{"count":3,"href":"https:\/\/www.goldzander.at\/shop\/wp-json\/wp\/v2\/pages\/1372\/revisions"}],"predecessor-version":[{"id":2112,"href":"https:\/\/www.goldzander.at\/shop\/wp-json\/wp\/v2\/pages\/1372\/revisions\/2112"}],"up":[{"embeddable":true,"href":"https:\/\/www.goldzander.at\/shop\/wp-json\/wp\/v2\/pages\/45"}],"wp:attachment":[{"href":"https:\/\/www.goldzander.at\/shop\/wp-json\/wp\/v2\/media?parent=1372"}],"curies":[{"name":"wp","href":"https:\/\/api.w.org\/{rel}","templated":true}]}}